{"id":1369,"date":"2021-07-21T15:08:27","date_gmt":"2021-07-21T13:08:27","guid":{"rendered":"https:\/\/compagnie.onimagine.fr\/?page_id=1369"},"modified":"2021-07-21T15:10:47","modified_gmt":"2021-07-21T13:10:47","slug":"le-prix-sainte-beuve-des-collegiens","status":"publish","type":"page","link":"https:\/\/compagnie.onimagine.fr\/?page_id=1369","title":{"rendered":"Le Prix Sainte-Beuve des coll\u00e9giens"},"content":{"rendered":"\n<p>Depuis 2015, la Compagnie Onimagine intervient dans le cadre du Prix Sainte-Beuve des coll\u00e9giens et des apprentis.<\/p>\n<p style=\"text-align: center;\">Anne Thunin et d&rsquo;autres com\u00e9diens viennent former \u00e0 la prise de parole en public les jeunes orateurs.<\/p>\n<p><a href=\"https:\/\/compagnie.onimagine.fr\/wp-content\/uploads\/2021\/07\/helloasso-banniere-3.jpg\"><img loading=\"lazy\" decoding=\"async\" class=\"wp-image-1370 aligncenter\" src=\"https:\/\/compagnie.onimagine.fr\/wp-content\/uploads\/2021\/07\/helloasso-banniere-3-300x50.jpg\" alt=\"\" width=\"840\" height=\"140\" srcset=\"https:\/\/compagnie.onimagine.fr\/wp-content\/uploads\/2021\/07\/helloasso-banniere-3-300x50.jpg 300w, https:\/\/compagnie.onimagine.fr\/wp-content\/uploads\/2021\/07\/helloasso-banniere-3-1024x171.jpg 1024w, https:\/\/compagnie.onimagine.fr\/wp-content\/uploads\/2021\/07\/helloasso-banniere-3-768x128.jpg 768w, https:\/\/compagnie.onimagine.fr\/wp-content\/uploads\/2021\/07\/helloasso-banniere-3-1536x256.jpg 1536w, https:\/\/compagnie.onimagine.fr\/wp-content\/uploads\/2021\/07\/helloasso-banniere-3-2048x341.jpg 2048w\" sizes=\"auto, (max-width: 840px) 100vw, 840px\" \/><\/a><a href=\"https:\/\/compagnie.onimagine.fr\/wp-content\/uploads\/2021\/07\/Signature-logo.png\"><img loading=\"lazy\" decoding=\"async\" class=\" wp-image-1376 aligncenter\" src=\"https:\/\/compagnie.onimagine.fr\/wp-content\/uploads\/2021\/07\/Signature-logo-300x100.png\" alt=\"\" width=\"525\" height=\"175\" srcset=\"https:\/\/compagnie.onimagine.fr\/wp-content\/uploads\/2021\/07\/Signature-logo-300x100.png 300w, https:\/\/compagnie.onimagine.fr\/wp-content\/uploads\/2021\/07\/Signature-logo-1024x342.png 1024w, https:\/\/compagnie.onimagine.fr\/wp-content\/uploads\/2021\/07\/Signature-logo-768x256.png 768w, https:\/\/compagnie.onimagine.fr\/wp-content\/uploads\/2021\/07\/Signature-logo-1536x512.png 1536w, https:\/\/compagnie.onimagine.fr\/wp-content\/uploads\/2021\/07\/Signature-logo.png 1772w\" sizes=\"auto, (max-width: 525px) 100vw, 525px\" \/><\/a><\/p>\n<header class=\"entry-header\">\n<h1 style=\"text-align: center;\"><a href=\"http:\/\/www.bdsaintebeuve.fr\">www.bdsaintebeuve.fr<\/a><\/h1>\n<h1 class=\"entry-title\">QU\u2019EST CE QUE LE PRIX SAINTE-BEUVE ?<\/h1>\n<\/header>\n<div class=\"entry-content\">\n<p>Tout jeune lecteur n\u2019est pas forc\u00e9ment arm\u00e9 pour exprimer ce qu\u2019il ressent \u00e0 la lecture d\u2019un livre. Patiemment, la lecture forge le caract\u00e8re et la sensibilit\u00e9. Pourtant, on demande toujours plus t\u00f4t aux \u00e9l\u00e8ves de s\u2019exprimer sur ce qu\u2019ils ont lu, comme si la lecture devait\u00a0<em>servir \u00e0 quelque chose\u2026<\/em><\/p>\n<p>Parmi les nombreux prix litt\u00e9raires consacr\u00e9s \u00e0 la litt\u00e9rature jeunesse, le Prix Sainte-Beuve s\u2019attache, depuis 2008, \u00e0 d\u00e9velopper en chacun des adolescents de 4\u00b0, de 3\u00b0 et des premi\u00e8res ann\u00e9es d\u2019apprentissage, le go\u00fbt de d\u00e9bat tout en pr\u00e9servant sa sensibilit\u00e9, autour de quatre axes :\u00a0<strong>LIRE, VOTER, \u00c9CRIRE et DIRE<\/strong>\u00a0(sa lecture).<\/p>\n<p>Chaque \u00e9tape peut constituer une participation compl\u00e8te au prix Sainte-Beuve. Tout \u00e9tablissement qui s\u2019engage peut se contenter de la premi\u00e8re, des deux premi\u00e8res, ou des trois premi\u00e8res \u00e9tapes seulement.<\/p>\n<p><strong><u>Comment se d\u00e9roule le Prix Sainte-Beuve\u00a0?<\/u><\/strong><\/p>\n<p><strong>LIRE<\/strong>\u00a0(de Mai \u00e0 D\u00e9cembre) : Le Prix Sainte-Beuve suscite\u00a0<strong>l\u2019envie de lire<\/strong>. Par sa\u00a0<strong>s\u00e9lection h\u00e9t\u00e9rog\u00e8ne<\/strong>, con\u00e7ue par un comit\u00e9 pluridisciplinaire, les \u00e9l\u00e8ves d\u00e9couvrent\u00a0<strong>dix livres actuels<\/strong>, de genres, de tailles, de cultures, d\u2019\u00e9poques et d\u2019auteurs diff\u00e9rents. Les enseignants font circuler les livres, tissent des liens avec les biblioth\u00e8ques municipales pour que les \u00e9l\u00e8ves volontaires les fr\u00e9quentent.<\/p>\n<p>En classe, en club ou en solo, munis de leur marque-pages et des dix commandements du critique, les \u00e9l\u00e8ves participent d\u2019une dynamique qui les invite au plaisir de la lecture. On peut alors solliciter des moments de discussion,\u00a0<strong>\u00e9voquer la critique et approfondir la notion\u00a0<\/strong>en lisant les textes des laur\u00e9ats des s\u00e9lections pr\u00e9c\u00e9dentes gr\u00e2ce \u00e0 la revue du Prix Sainte-Beuve regroupant 20 critiques de 20 livres diff\u00e9rents chaque ann\u00e9e.<\/p>\n<p><strong>VOTER<\/strong>\u00a0(Janvier) : Les \u00e9l\u00e8ves sont appel\u00e9s \u00e0\u00a0<strong>voter par une manifestation \u00e9crite<\/strong>, que ce soit un avis, une simple opinion, un argument ou une critique m\u00fbrement construite \u2026<\/p>\n<p><strong>\u00c9CRIRE\u00a0<\/strong>(Janvier \u00e0 Avril) : Les \u00e9l\u00e8ves peuvent aller au-del\u00e0 du vote, dans\u00a0<strong>l\u2019expression de leur voix<\/strong>. Il est important que la voix des \u00e9l\u00e8ves<strong>\u00a0t\u00e9moigne de leur lecture personnelle, sous forme critique<\/strong>. Ils peuvent chercher \u00e0 susciter l\u2019int\u00e9r\u00eat, \u00e0 convaincre\u2026 Cet exercice leur permet de mobiliser leurs comp\u00e9tences en vue d\u2019\u00eatre lu. L\u2019\u00e9criture critique est faite pour \u00eatre lue et partag\u00e9e. Dans cette d\u00e9marche d\u2019\u00e9criture, les textes produits non seulement comptent dans le vote du livre pr\u00e9f\u00e9r\u00e9, mais surtout seront amen\u00e9s \u00e0 \u00eatre lus par un jury et, s\u2019ils l\u2019emportent sur les autres, \u00eatre publi\u00e9s dans<em>\u00a0la revue du Prix Sainte-Beuve,<\/em>aux \u00e9ditions du Sagittaire.<\/p>\n<p><strong>DIRE<\/strong>\u00a0(Janvier \u00e0 Avril) : La prise de parole est l\u2019ultime \u00e9tape.<\/p>\n<p><strong>8 \u00e0 10 \u00ab\u00a0Premi\u00e8res manches\u00a0\u00bb<\/strong>\u00a0sont organis\u00e9es sur le territoire du Nord-Pas-de-Calais : Lors de ces journ\u00e9es, regroupant plusieurs \u00e9tablissements, les \u00e9l\u00e8ves rencontrent un des auteurs de la s\u00e9lection et un critique, participent \u00e0 une discussion dont ils sont acteurs, orchestr\u00e9e comme une \u00e9mission litt\u00e9raire, ont une initiation \u00e0 la prise de parole en public avec un-e com\u00e9dien-ne\u2026 Ils confrontent leur opinion \u00e0 d\u2019autres \u00e9l\u00e8ves, d\u2019autres lecteurs, un jury.<\/p>\n<p>Ensuite,\u00a0<strong>3 \u00e0 4 \u00ab\u00a0Secondes manches\u00a0\u00bb<\/strong>\u00a0sont organis\u00e9es sur le territoire du Nord-Pas-de-Calais : Les meilleurs orateurs de chaque \u00e9tablissements s\u2019affrontent avec courage, d\u00e9termination et conviction.<\/p>\n<p>La dynamique de lecture au sein d\u2019un \u00e9tablissement s\u2019instaure beaucoup plus facilement d\u00e8s lors qu\u2019une habitude est prise avec le Prix Sainte-Beuve.<\/p>\n<\/div>\n","protected":false},"excerpt":{"rendered":"<p>Depuis 2015, la Compagnie Onimagine intervient dans le cadre du Prix Sainte-Beuve des coll\u00e9giens et des apprentis. Anne Thunin et d&rsquo;autres com\u00e9diens viennent former \u00e0 la prise de parole en public les jeunes orateurs. www.bdsaintebeuve.fr QU\u2019EST CE QUE LE PRIX SAINTE-BEUVE ? Tout jeune lecteur n\u2019est pas forc\u00e9ment arm\u00e9 pour exprimer ce qu\u2019il ressent \u00e0&hellip;<\/p>\n","protected":false},"author":1,"featured_media":0,"parent":0,"menu_order":0,"comment_status":"closed","ping_status":"closed","template":"","meta":{"footnotes":""},"class_list":["post-1369","page","type-page","status-publish","hentry"],"_links":{"self":[{"href":"https:\/\/compagnie.onimagine.fr\/index.php?rest_route=\/wp\/v2\/pages\/1369","targetHints":{"allow":["GET"]}}],"collection":[{"href":"https:\/\/compagnie.onimagine.fr\/index.php?rest_route=\/wp\/v2\/pages"}],"about":[{"href":"https:\/\/compagnie.onimagine.fr\/index.php?rest_route=\/wp\/v2\/types\/page"}],"author":[{"embeddable":true,"href":"https:\/\/compagnie.onimagine.fr\/index.php?rest_route=\/wp\/v2\/users\/1"}],"replies":[{"embeddable":true,"href":"https:\/\/compagnie.onimagine.fr\/index.php?rest_route=%2Fwp%2Fv2%2Fcomments&post=1369"}],"version-history":[{"count":6,"href":"https:\/\/compagnie.onimagine.fr\/index.php?rest_route=\/wp\/v2\/pages\/1369\/revisions"}],"predecessor-version":[{"id":1377,"href":"https:\/\/compagnie.onimagine.fr\/index.php?rest_route=\/wp\/v2\/pages\/1369\/revisions\/1377"}],"wp:attachment":[{"href":"https:\/\/compagnie.onimagine.fr\/index.php?rest_route=%2Fwp%2Fv2%2Fmedia&parent=1369"}],"curies":[{"name":"wp","href":"https:\/\/api.w.org\/{rel}","templated":true}]}}